cond derivative of -h**4/12 + h**3/3 + h**2/2 - 75*h + 2. Give b(-1).
-2
Let q(f) be the second derivative of -f**4/12 - 2*f**3/3 + 3*f**2/2 + 5*f - 3. Calculate q(-5).
-2
Suppose 2*w - 5*j + 31 = 0, 40*w + j + 29 = 36*w. Let g(z) = z**3 + 7*z**2 - 7*z - 11. Calculate g(w).
-19
Let h(x) = 5*x**3 + x**2 + x - 1. Let u be h(1). Suppose u = 2*j - 0. Let a(m) = 2*m - 5. Let z(w) = 3*w - 4. Let f(k) = -2*a(k) + 3*z(k). Calculate f(j).
13
Let k(u) = -u**2 + 15*u - 41. Let c be k(6). Suppose -2*s - c = -v - 4, 0 = -5*s + 4*v - 21. Let t(l) = -l**2 - 7*l - 7. Determine t(s).
3
Let r(g) = -6*g**2 - 2*g - 1. Let y(i) = -3*i + 18. Let h(c) = 2*c - 12. Let k(m) = 8*h(m) + 5*y(m). Let z = -10 - -15. Let t be k(z). Calculate r(t).
-5
Let n(i) be the first derivative of -i**3/3 - 9*i**2/2 - 16*i + 114. Give n(-5).
4
Let l = -23 - -31. Suppose n = 1 - l. Let v(r) = -r**2 - 8*r - 7. What is v(n)?
0
Let t(k) = -k - 7. Suppose -52*s + 279 = 19. What is t(s)?
-12
Let t(f) = f + 1. Let d(c) be the third derivative of -c**5/60 - 7*c**4/12 - 3*c**3 - 15*c**2. Let j be d(-12). Give t(j).
7
Let f(x) = -5*x + 4. Let o = 0 + 3. Let l be -3 - (5 + (-12)/o). Let c(z) = z + 1. Let n(a) = l*c(a) - f(a). Determine n(6).
-2
Let d(x) be the second derivative of -x**4/12 + x**3/6 - 11*x**2/2 - 61*x. Let t be ((-2)/(-4))/(3/6). Let j be 0/(-2)*-1*t. Determine d(j).
-11
Let t(d) be the second derivative of -4*d**3/3 + d**2 - 6*d + 14. What is t(2)?
-14
Let m(s) be the second derivative of -55*s**3/6 + 11*s + 41. Give m(-1).
55
Let l = 636 + -631. Let c(v) = 2*v**3 - 12*v**2 + 10*v. What is c(l)?
0
Let o(d) = 442*d - 3 - 449*d + 4. Calculate o(1).
-6
Let v(m) = -118*m**2 + 42*m**2 + 36*m**2 - 3*m + 39*m**2 - m - 6. Determine v(-6).
-18
Let y(g) be the first derivative of -5*g**2 - 82*g - 597. Give y(-8).
-2
Let k(h) be the first derivative of h**3/3 + h**2 - 4*h - 2. Let l(m) = -m**2 - 6*m + 23. Let a be l(-9). Calculate k(a).
4
Let m = 490 + -501. Let r(f) = f + 17. What is r(m)?
6
Let v(k) be the first derivative of -3*k**2/2 + 58. Calculate v(3).
-9
Let h(v) = -v**3 - 10*v**2 + 5*v + 52. Let a be h(-10). Let i(b) = -17*b**3 - 4*b - 2*b**a - 8 - 21*b**3 + 39*b**3 + 3. Calculate i(4).
11
Let d = 50 + -56. Let m be d*((-10)/(-3) - 3). Let b(r) be the second derivative of r**3/6 - r**2 + 3*r. What is b(m)?
-4
Let t(x) = -7 + 161991*x**2 - 161991*x**2 - x**3. Calculate t(0).
-7
Let f be 12/42 + 61/7 + -5. Let o(h) = h**3 + h**2. Let p(u) = 5*u**3 + 10*u**2 - 5*u + 6. Let k(b) = 6*o(b) - p(b). What is k(f)?
14
Suppose -12*t + 0 = -48. Let u(h) = h - 1. Determine u(t).
3
Let m be (-2)/10 + (310/25)/2. Let x(p) = 106 - 104 + 2*p**2 - p**2 + m*p. Give x(-7).
9
Let p(i) = -2*i**3 - 2*i**2 + 1. Let z be 12*9*8/12. Suppose 8*u = 5*u + z. Suppose 5*a = -o - u, 2*o - 5*a = -0*a + 27. Determine p(o).
-3
Let t(y) be the second derivative of y**7/840 - y**6/45 - y**5/120 + 13*y**3/6 + 28*y. Let s(p) be the second derivative of t(p). Calculate s(8).
-8
Let z(v) = 4 - 6 + 8*v - 2 + 3. Calculate z(3).
23
Suppose 127*p - 132*p = 4*h + 54, -5*h - 47 = -4*p. Let t(u) = -u**2 - 10*u + 16. Determine t(h).
5
Let i(n) = -20 + 0 + 384*n - 385*n. Calculate i(0).
-20
Suppose -55 - 113 = -7*a. Let d(y) = a - 23 + 3*y + y. Give d(-2).
-7
Let o = 22 + -17. Suppose 0 = -3*r - 4*s + o, 2*r + 0*s - 7 = s. Let d(t) = -3*t - 4*t + r*t + 1 + 3*t. Calculate d(6).
-5
Let k(w) = -3*w + 16. Let l = 1944 - 1932. Calculate k(l).
-20
Let n(c) = 7*c**2 - 8*c + 9. Let p(z) = 6*z**2 - 8*z + 9. Let m(g) = 5*n(g) - 6*p(g). Suppose -3*o + 3*u = -0*u - 9, -3*o + 49 = 5*u. Give m(o).
-9
Let u(h) = -4*h**3 + 11*h**3 - h**3 - 5*h**3 - 6*h**2 - 6. Let l(m) = -2*m - 10. Let r be l(-7). Suppose 2*b - r = 8. What is u(b)?
-6
Let y(k) = 5*k**2 + 3*k + 2. Let u be (-11)/3 + 5/3. Determine y(u).
16
Let z(q) = -q**3 - 5*q**2 + 7*q + 7. Let d(u) = -u**2 - 8*u + 2. Let h be d(-6). Let g = h + -10. Suppose -3*j - 6 = 3*t, -2*t + t + g = 0. Give z(j).
1
Let y(w) be the second derivative of -w**4/12 - 3*w**3/2 + 11*w**2/2 - 5*w + 6. Calculate y(-10).
1
Let d(y) be the third derivative of -y**4/12 + y**3/6 + 373*y**2. Suppose 3*z = 9 + 3. Let a = z + -9. Determine d(a).
11
Let t(v) = -11*v - 2 + 1 + 11 + 8*v. Give t(4).
-2
Let u(l) = -2*l + 3. Let g(m) be the third derivative of -1/6*m**3 + 0 + 0*m + 5*m**2. Let s(o) = 3*g(o) + u(o). Calculate s(-2).
4
Suppose -90*m + 82*m = -48. Let o(b) be the third derivative of -b**5/60 + b**4/4 - b**3/2 + b**2. What is o(m)?
-3
Let w(n) be the first derivative of n**4/4 + 5*n**3/3 + n**2/2 - 4*n + 252. What is w(-3)?
11
Let q(c) = -2*c**2 - 3*c. Let a = 39 - 41. Let s be q(a). Let g(h) = -3*h**3 - 3*h**2 + 1. What is g(s)?
13
Let k(l) = -l**3 + 9*l**2 + 2*l - 1. Let c be k(9). Let w = 17 - c. Let f(a) = -a**3 - 2*a**2 - 1. Let s be f(w). Let r(q) = -6*q**2 + 2*q + 1. Determine r(s).
-7
Let j(f) = -f**2 + 5*f + 2. Let y be (3/(-2))/((-3)/6). Suppose -5*i - 3 = -4*b, i = y*b + 2*b - 9. Suppose -2*h + i = -7. Calculate j(h).
6
Let v(b) = 2*b**3 - 7 - 3*b**3 + 0*b**3 + 5*b - 38*b**2 + 41*b**2 + 1. Determine v(4).
-2
Let f be (-14)/(-5)*(88 - -2)/3. Suppose -f*y + 89*y = 40. Let h(g) be the third derivative of g**4/24 - 7*g**3/6 - 2*g**2. Calculate h(y).
1
Let a(p) = -p - 8. Let l(n) = -n**3 - 6*n**2 - 6*n - 11. Let v be l(-5). Let i be a(v). Let y(m) = -6*m**2 - 3*m - 3. What is y(i)?
-21
Suppose -82 = 3*p + 4*w - 77, 5*p - w = -39. Let k(s) = -3*s - 15. Determine k(p).
6
Suppose 0 = -2*t + t + 2. Let k(g) = 16*g**2 - 6*g - 4. Let c(n) = -9*n**2 + 3*n + 2. Let q(w) = -7*c(w) - 4*k(w). Calculate q(t).
4
Let s(k) = -k**2 - 2*k + 2. Let d be s(-3). Let n(h) be the second derivative of -1/2*h**2 - 7/6*h**3 + 0 + 21*h. Calculate n(d).
6
Suppose 26*r = -179 + 49. Let v(a) = -1. Let p(c) = 3*c + 11. Let s(b) = p(b) + 4*v(b). Determine s(r).
-8
Let i = -137 - -137. Let v(w) be the third derivative of w**8/20160 - w**6/180 + w**5/60 + w**2. Let z(h) be the third derivative of v(h). What is z(i)?
-4
Let x(m) = -3*m - 56. Let g = -762 - -745. Determine x(g).
-5
Let f be (8/24*-6)/((-3)/(-6)). Let y(v) = -v**2 - 3*v - 2. What is y(f)?
-6
Let o(q) be the second derivative of -5*q**4/12 + q**3/3 - q**2/2 - 34*q. What is o(1)?
-4
Let p(o) = -o - 3. Let a be 6/(-2) + 3 + 3. Suppose x - a = 0, -d - 4*x + x + 5 = 0. Let b be p(d). Let l(k) = k - 1. What is l(b)?
0
Let n(r) = -57 - 37 + r**3 + r**3 - r**2 + 89 + 4*r. Determine n(2).
15
Let n(v) = -2*v + 13. Let y(p) = p**3 + 15*p**2 + 6. Let a be y(-15). Let t(u) = -2*u + 15. Let m(l) = a*n(l) - 5*t(l). Calculate m(-4).
11
Let a(f) = -13*f**2 + 13*f - 11. Let o(r) = 4*r**2 - 4*r + 3. Let q(x) = 2*a(x) + 7*o(x). Determine q(2).
3
Suppose 6 = 5*q - 3*l, 3 = 2*q - l - 0. Suppose 0 = -q*m - w - 30 + 7, 0 = 4*m - 2*w + 14. Let t(n) = -6 + 3*n + n - 5*n. Determine t(m).
0
Let u(p) = p**2 + 2*p - 8. Let y be u(-4). Let j be y + 3 - 1*-1. Let h(c) = -c**3 - 4*c**2 - 8*c + j*c + 6*c**2 + 3 + 4*c**2. Calculate h(5).
8
Let q(j) = -2*j**2 - 2. Let g(a) = -a**2 - 1. Let m(x) = 3*g(x) - q(x). Let f(i) = 7*i**2 + 7*i + 12. Let r(t) = f(t) + 6*m(t). Calculate r(-5).
-4
Let r(n) = 56*n + 11 - 4 - 53*n. Determine r(-5).
-8
Let c(s) = 2*s - 1. Let w(p) = 41*p - 168. Let i be w(4). Calculate c(i).
-9
Let z be (48/(-60))/(28/(-35)). Let p(o) = 21*o**3 + 13*o**2 + 9*o - 11. Let r(l) = -10*l**3 - 6*l**2 - 4*l + 5. Let i(y) = 6*p(y) + 13*r(y). Determine i(z).
-3
Let s(q) = -7*q - 6. Let b(l) = -4*l - 3. Suppose 2*j - 3*j = 3. Let f(n) = j*s(n) + 5*b(n). Determine f(-7).
-4
Suppose -y + 214 = -3*y. Let r = y + 111. Let s(h) = -h**3 + 5*h**2 - 5*h. Calculate s(r).
-4
Let g(m) = m**2 + 3*m. Suppose 0 = -5*k + 8*k. Suppose 0 = -3*f + 4*a - 8, 3*a + 1 + 2 = k. What is g(f)?
4
Let g(v) = v**3 + 13*v**2 - 13*v + 17. Let o be g(-14). Suppose -o*n + 4 = -11. Let a(s) = -s**3 - n*s**2 - 3*s**2 + 1 + 3*s**2 + 2*s**2. What is a(-1)?
-1
Let m(p) = 13*p**3 - 3*p**2 - 5*p - 2. Let n(f) = 28*f**3 - 7*f**2 - 11*f - 5. Let r(x) = 7*m(x) - 3*n(x). Give r(1).
6
Let g(x) = -4*x**3 + 9*x**2 + 9*x + 9. Let k(o) be the first derivative of -o**4/4 + 2*o**3/3 + o**2 + 2*o + 2. Let u(t) = -2*g(t) + 9*k(t). Calculate u(0).
0
Suppose -17 = -k - w, -2*k - 50 = -4*k + 2*w. Let p = k + -31. Let r(o) = o**2 + 9*o - 7. Calculate r(p